{"id":2,"date":"2010-10-29T19:05:43","date_gmt":"2010-10-29T19:05:43","guid":{"rendered":"http:\/\/www.cactusdelespoir.org\/?page_id=2"},"modified":"2010-10-30T01:40:00","modified_gmt":"2010-10-30T01:40:00","slug":"a-propos","status":"publish","type":"page","link":"https:\/\/www.cactusdelespoir.org\/?page_id=2","title":{"rendered":"Qui sommes nous"},"content":{"rendered":"<p><strong>Le cactus de l&rsquo;Espoir<\/strong><\/p>\n<p>Un cactus na\u00eet et grandit dans un milieu aride. Ses racines fouillent la terre pour trouver de l&rsquo;eau mais<br \/>\nil r\u00e9ussit \u00e0 survivre malgr\u00e9 son absence. Le cactus est souvent couvert d&rsquo;\u00e9pines de fa\u00e7on \u00e0 se prot\u00e9ger<br \/>\nde son environnement rude et aussi afin de recueillir les infimes particules d&rsquo;eau contenues dans l&rsquo;air.<br \/>\nIl lui suffit de presque rien pour rester en vie. Quelques gouttes d&rsquo;eau lui permettent de grandir et de s&rsquo;\u00e9panouir.<\/p>\n<p>L&rsquo;image du cactus constitue une m\u00e9taphore qui d\u00e9crit bien ce que vivent plusieurs m\u00e8res adolescentes<br \/>\net leurs enfants. Elles sont pour la plupart pauvres et souvent d\u00e9pourvues de moyens \u00e9l\u00e9mentaires tels que la scolarit\u00e9, le soutien et l&rsquo;encadrement. Elles se retrouvent malgr\u00e9 elles isol\u00e9es. Elles-m\u00eames. Elles essayent de grandir et de faire grandir leurs enfants. Elles essayent surtout de survivre. Elles portent des cicatrices autant invisibles que visibles.<\/p>\n<p>Plusieurs \u00e9tudes et publications ont de relever certains faits :<\/p>\n<ul>\n<li>la grossesse avant l&rsquo;\u00e2ge de 20 ans comporte plusieurs risques pour la sant\u00e9 de la m\u00e8re ou celle de l&rsquo;enfant, particuli\u00e8rement en raison des conditions socio\u00e9conomiques dans lesquelles vivent les jeunes m\u00e8res.<\/li>\n<li>95% des m\u00e8res c\u00e9libataires de moins de 25 ans sont pauvres.<\/li>\n<li>Les jeunes filles enceintes d\u00e9crochent beaucoup plus souvent que les autres adolescentes.<\/li>\n<li>Il y a une corr\u00e9lation \u00e9troite entre le d\u00e9crochage scolaire, la grossesse pr\u00e9coce et la pauvret\u00e9.<\/li>\n<\/ul>\n<p>Le probl\u00e8me est d&rsquo;autant plus grave qu&rsquo;il touche non seulement les jeunes m\u00e8res mais \u00e9galement leurs enfants. En effet, ces jeunes m\u00e8res sont plus \u00e0 risque que les jeunes filles de leur \u00e2ge du point de vue de la monoparentalit\u00e9 et de la pauvret\u00e9, mais leurs enfants sont, eux aussi, souvent victimes de retards de d\u00e9veloppement, de probl\u00e8mes d&rsquo;adaptation et d&rsquo;apprentissage.<\/p>\n<p>Nous avons donc fait le choix de miser sur la motivation des jeunes m\u00e8res. Nous voulons amener ces jeunes adolescentes \u00e0 poursuivre leur formation. Pour ce faire, nous avons besoin de mettre en place les conditions qui les convaincront d&rsquo;avoir un projet, un but pour elles et leurs enfants. Pour y arriver, nous avons besoin de mettre en place les conditions qui les convaincront d&rsquo;avoir un projet, un but pour elles et leurs enfants. Pour y arriver, nous avons besoin de votre soutien. Nous voulons leur procurer les outils et les ressources n\u00e9cessaires pour les aider \u00e0 s&rsquo;en sortir, \u00e0 aller de l&rsquo;avant et \u00e0 voler de leurs propres ailes.<\/p>\n<p>En achetant un cactus de l&rsquo;espoir, sachez que tous les mat\u00e9riaux nous ont \u00e9t\u00e9 donn\u00e9es donc que le montant total (100%) que vous donnez sera remis \u00e0 des organismes reconnus qui aident les jeunes m\u00e8res et les enfants qui \u00e9voluent dans des milieux d\u00e9favoris\u00e9es. Nous nous sommes associ\u00e9s \u00e0 des organismes en qui nous croyons tel que \u00a0\u00bbL&rsquo;ENVOL\u00a0\u00bb. Tous ensemble, nous pouvons les sortir du d\u00e9sert. Il s&rsquo;agit d&rsquo;une cause noble, faites le choix d&rsquo;en faire partie.<\/p>","protected":false},"excerpt":{"rendered":"<p>Le cactus de l&rsquo;Espoir Un cactus na\u00eet et grandit dans un milieu aride. Ses racines fouillent la terre pour trouver de l&rsquo;eau mais il r\u00e9ussit \u00e0 survivre malgr\u00e9 son absence. Le cactus est souvent couvert d&rsquo;\u00e9pines de fa\u00e7on \u00e0 se prot\u00e9ger de son environnement rude et aussi afin de recueillir les infimes particules d&rsquo;eau contenues [&hellip;]<\/p>\n","protected":false},"author":1,"featured_media":0,"parent":0,"menu_order":5,"comment_status":"open","ping_status":"open","template":"","meta":{"footnotes":""},"class_list":["post-2","page","type-page","status-publish","hentry"],"_links":{"self":[{"href":"https:\/\/www.cactusdelespoir.org\/index.php?rest_route=\/wp\/v2\/pages\/2"}],"collection":[{"href":"https:\/\/www.cactusdelespoir.org\/index.php?rest_route=\/wp\/v2\/pages"}],"about":[{"href":"https:\/\/www.cactusdelespoir.org\/index.php?rest_route=\/wp\/v2\/types\/page"}],"author":[{"embeddable":true,"href":"https:\/\/www.cactusdelespoir.org\/index.php?rest_route=\/wp\/v2\/users\/1"}],"replies":[{"embeddable":true,"href":"https:\/\/www.cactusdelespoir.org\/index.php?rest_route=%2Fwp%2Fv2%2Fcomments&post=2"}],"version-history":[{"count":13,"href":"https:\/\/www.cactusdelespoir.org\/index.php?rest_route=\/wp\/v2\/pages\/2\/revisions"}],"predecessor-version":[{"id":15,"href":"https:\/\/www.cactusdelespoir.org\/index.php?rest_route=\/wp\/v2\/pages\/2\/revisions\/15"}],"wp:attachment":[{"href":"https:\/\/www.cactusdelespoir.org\/index.php?rest_route=%2Fwp%2Fv2%2Fmedia&parent=2"}],"curies":[{"name":"wp","href":"https:\/\/api.w.org\/{rel}","templated":true}]}}