{"id":18,"date":"2010-10-29T22:42:29","date_gmt":"2010-10-29T22:42:29","guid":{"rendered":"http:\/\/www.cactusdelespoir.org\/?page_id=18"},"modified":"2011-02-10T21:55:17","modified_gmt":"2011-02-10T21:55:17","slug":"partenaires","status":"publish","type":"page","link":"https:\/\/www.cactusdelespoir.org\/?page_id=18","title":{"rendered":"Partenaires"},"content":{"rendered":"<p>Nous remercions nos partenaires pour leur aide et soutient ind\u00e9fectible de tous les jours.<\/p>\n<ul>\n<li>Caf\u00e9 SainteAgnes (voir leur site dans la section liens de notre menu)<\/li>\n<li>Caf\u00e9 rencontre avec la maison de la famille de Brossard<\/li>\n<li>Jeunesse Soleil<\/li>\n<li>Et \u00e0 bien des personnes qui pour une heure ou un jour ont apport\u00e9s leur contribution \u00e0 cette \u0153uvre.<\/li>\n<\/ul>\n<p>Pendant l&rsquo;ann\u00e9e, plusieurs personnes nous viennent en aides par des dons ou par l&rsquo;achat d&rsquo;un cactus de l&rsquo;espoir. Petit geste mais combien il est grand pour l&rsquo;espoir des ces jeunes m\u00e8res qui trouvent en nous le moyens id\u00e9al de sortir de la pauvret\u00e9 le couple jeunes m\u00e8res et enfants.<\/p>\n<p>Notre succ\u00e8s de chaque ann\u00e9e est votre geste de c\u0153ur.<\/p>","protected":false},"excerpt":{"rendered":"<p>Nous remercions nos partenaires pour leur aide et soutient ind\u00e9fectible de tous les jours. Caf\u00e9 SainteAgnes (voir leur site dans la section liens de notre menu) Caf\u00e9 rencontre avec la maison de la famille de Brossard Jeunesse Soleil Et \u00e0 bien des personnes qui pour une heure ou un jour ont apport\u00e9s leur contribution \u00e0 [&hellip;]<\/p>\n","protected":false},"author":1,"featured_media":0,"parent":0,"menu_order":2,"comment_status":"open","ping_status":"open","template":"","meta":{"footnotes":""},"class_list":["post-18","page","type-page","status-publish","hentry"],"_links":{"self":[{"href":"https:\/\/www.cactusdelespoir.org\/index.php?rest_route=\/wp\/v2\/pages\/18"}],"collection":[{"href":"https:\/\/www.cactusdelespoir.org\/index.php?rest_route=\/wp\/v2\/pages"}],"about":[{"href":"https:\/\/www.cactusdelespoir.org\/index.php?rest_route=\/wp\/v2\/types\/page"}],"author":[{"embeddable":true,"href":"https:\/\/www.cactusdelespoir.org\/index.php?rest_route=\/wp\/v2\/users\/1"}],"replies":[{"embeddable":true,"href":"https:\/\/www.cactusdelespoir.org\/index.php?rest_route=%2Fwp%2Fv2%2Fcomments&post=18"}],"version-history":[{"count":4,"href":"https:\/\/www.cactusdelespoir.org\/index.php?rest_route=\/wp\/v2\/pages\/18\/revisions"}],"predecessor-version":[{"id":37,"href":"https:\/\/www.cactusdelespoir.org\/index.php?rest_route=\/wp\/v2\/pages\/18\/revisions\/37"}],"wp:attachment":[{"href":"https:\/\/www.cactusdelespoir.org\/index.php?rest_route=%2Fwp%2Fv2%2Fmedia&parent=18"}],"curies":[{"name":"wp","href":"https:\/\/api.w.org\/{rel}","templated":true}]}}